composite number?
False
Is 15661 a composite number?
False
Is 396811 composite?
True
Is 50113 prime?
False
Is 581657 a composite number?
False
Is 14939 prime?
True
Is 209246 prime?
False
Is 287783 a composite number?
False
Is 797497 a composite number?
False
Is 930959 composite?
True
Is 61001 a composite number?
False
Is 2567 prime?
False
Is 874799 composite?
False
Is 68329 prime?
True
Is 204707 composite?
False
Is 56193 prime?
False
Is 7069 a prime number?
True
Is 35285 a prime number?
False
Is 154091 a prime number?
False
Is 8747 a prime number?
True
Is 561898 a composite number?
True
Is 65053 composite?
False
Is 183185 a prime number?
False
Is 111697 prime?
True
Is 29777 prime?
False
Is 13885 a composite number?
True
Is 586 a composite number?
True
Is 1987 a prime number?
True
Is 138283 a prime number?
True
Is 70637 a prime number?
False
Is 191054 a prime number?
False
Is 64021 a composite number?
True
Is 25967 a composite number?
True
Is 16057 prime?
True
Is 28201 composite?
False
Is 904261 prime?
True
Is 213449 a prime number?
True
Is 223973 a composite number?
True
Is 45523 a composite number?
False
Is 17447 composite?
True
Is 10817 a composite number?
True
Is 9901 a composite number?
False
Is 2939 composite?
False
Is 27707 prime?
False
Is 1966911 a prime number?
False
Is 144803 prime?
False
Is 11721 composite?
True
Is 192667 prime?
True
Is 150313 composite?
True
Is 100447 a prime number?
True
Is 13093 prime?
True
Is 29983 a composite number?
False
Is 77 a prime number?
False
Is 49871 prime?
True
Is 3593 a composite number?
False
Is 3457 a prime number?
True
Is 1689673 composite?
True
Is 291513 prime?
False
Is 19541 composite?
False
Is 8331 a composite number?
True
Is 6401 a composite number?
True
Is 686417 a composite number?
False
Is 132191 composite?
True
Is 53481 a prime number?
False
Is 9115 a prime number?
False
Is 5539 prime?
False
Is 440689 prime?
False
Is 119159 composite?
False
Is 37033 prime?
False
Is 30579 a prime number?
False
Is 337083 a prime number?
False
Is 5141 prime?
False
Is 465803 prime?
False
Is 742598 composite?
True
Is 170801 composite?
False
Is 281617 a prime number?
False
Is 383807 a composite number?
False
Is 59834 a composite number?
True
Is 342169 a prime number?
False
Is 494987 a prime number?
True
Is 31009 composite?
True
Is 2957 composite?
False
Is 250417 prime?
False
Is 108131 a prime number?
True
Is 31091 a prime number?
True
Is 304187 a composite number?
True
Is 22769 composite?
False
Is 9949 a prime number?
True
Is 33311 a composite number?
False
Is 181427 prime?
False
Is 501947 prime?
True
Is 23603 a composite number?
False
Is 2459563 a composite number?
False
Is 21635 a composite number?
True
Is 23663 a prime number?
True
Is 265037 prime?
True
Is 2177 prime?
False
Is 29581 composite?
False
Is 3629 composite?
True
Is 570697 a composite number?
False
Is 4087 composite?
True
Is 1703 a composite number?
True
Is 302111 prime?
True
Is 45679 composite?
True
Is 41187 composite?
True
Is 39293 composite?
False
Is 34039 a prime number?
True
Is 47339 composite?
False
Is 2437 a composite number?
False
Is 47777 prime?
True
Is 90227 a composite number?
False
Is 351073 prime?
False
Is 43205 prime?
False
Is 226691 a prime number?
True
Is 316079 a composite number?
True
Is 25 prime?
False
Is 14101 composite?
True
Is 32093 a prime number?
False
Is 959 prime?
False
Is 121343 a composite number?
False
Is 13619 composite?
False
Is 12997 a composite number?
True
Is 32957 prime?
True
Is 35389 composite?
True
Is 71417 a prime number?
False
Is 261757 a composite number?
False
Is 251 prime?
True
Is 466261 a composite number?
False
Is 257053 composite?
False
Is 46399 a composite number?
False
Is 38263 a composite number?
True
Is 62277 a composite number?
True
Is 103699 composite?
False
Is 91211 a prime number?
False
Is 3433 prime?
True
Is 3421 a composite number?
True
Is 15537 composite?
True
Is 105751 a composite number?
False
Is 28181 a prime number?
True
Is 708823 composite?
False
Is 5981 a composite number?
False
Is 188749 a composite number?
True
Is 90561 prime?
False
Is 30487 prime?
False
Is 61223 composite?
False
Is 2846 prime?
False
Is 272977 composite?
True
Is 706 prime?
False
Is 34723 prime?
False
Is 3343 a prime number?
True
Is 14939 composite?
False
Is 184151 composite?
True
Is 1504621 a prime number?
False
Is 43801 prime?
True
Is 131357 a prime number?
True
Is 51518 a composite number?
True
Is 7787 a composite number?
True
Is 19661 prime?
True
Is 26171 a composite number?
False
Is 3534715 composite?
True
Is 20171 composite?
True
Is 121843 composite?
False
Is 2599 prime?
False
Is 2319 prime?
False
Is 31307 a composite number?
False
Is 562129 composite?
False
Is 41353 a composite number?
True
Is 284483 a composite number?
False
Is 47459 composite?
False
Is 12071 a prime number?
True
Is 1224065 prime?
False
Is 17717 composite?
True
Is 2186779 composite?
True
Is 147541 prime?
True
Is 37747 a prime number?
True
Is 150193 a composite number?
False
Is 1168859 a composite number?
False
Is 11579 prime?
True
Is 1535 prime?
False
Is 311911 composite?
True
Is 132663 a composite number?
True
Is 994129 a composite number?
True
Is 165203 prime?
True
Is 4771 prime?
False
Is 2927 prime?
True
Is 81223 prime?
True
Is 7811 composite?
True
Is 35261 a prime number?
False
Is 285745 a prime number?
False
Is 45377 a prime number?
True
Is 123161 a prime number?
False
Is 289439 prime?
True
Is 30145 composite?
True
Is 868663 composite?
False
Is 70251 prime?
False
Is 655883 a composite number?
False
Is 248051 a composite number?
False
Is 104303 a prime number?
False
Is 44839 composite?
False
Is 82883 composite?
False
Is 70405 composite?
True
Is 1096747 a composite number?
True
Is 2730869 a prime number?
True
Is 333071 a composite number?
False
Is 6449 composite?
False
Is 19853 prime?
True
Is 4868927 composite?
True
Is 15047 a prime number?
False
Is 219173 prime?
False
Is 71879 composite?
False
Is 1449241 a prime number?
True
Is 1773271 a prime number?
True
Is 217847 composite?
True
Is 73105 a prime number?
False
Is 695543 prime?
False
Is 17747 a prime number?
True
Is 1721 composite?
False
Is 413141 a prime number?
True
Is 4276963 a prime number?
True
Is 142351 a composite number?
True
Is 7297 a composite number?
False
Is 607967 a prime number?
True
Is 9007 composite?
False
Is 6535 a prime number?
False
Is 1806591 composite?
True
Is 51703 prime?
False
Is 148499 prime?
False
Is 1361 prime?
True
Is 27143 composite?
False
Is 1535 a prime number?
False
Is 828397 a composite number?
False
Is 11465 a composite number?
True
Is 14273 a prime number?
False
Is 16591 a prime number?
False
Is 436663 composite?
True
Is 13307 a prime number?
False
Is 727561 a composite number?
False
Is 145897 prime?
True
Is 73999 composite?
False
Is 5277 prime?
False
Is 45853 prime?
True
Is 52149 composite?
True
Is 133 composite?
True
Is 37039 composite?
False
Is 1369 a prime number?
False
Is 22235 a composite number?
True
Is 167381 a composite number?
False
Is 24031 a prime number?
False
Is 641703 composite?
True
Is 441953 a prime number?
True
Is 160357 a prime number?
True
Is 16057 prime?
True
Is 1274851 a prime number?
True
Is 2004161 prime?
False
Is 2068397 a prime number?
False
Is 642815 a composite number?
True
Is 29407 prime?
False
Is 896905 composite?
True
Is 323549 composite?
False
Is 576563 a composite number?
True
Is 6119 composite?
True
Is 208861 prime?
False
Is 271289 a prime number?
True
Is 16439 prime?
False
Is 32561 composite?
False
Is 141935 a composite number?
True
Is 9286 prime?
False
Is 12707 composite?
True
Is 190357 composite?
False
Is 12589 composite?
False
Is 446 a composite number?
True
Is 330137 composite?
True
Is 100769 prime?
True
Is 56435 a composite number?
True
Is 3389 prime?
True
Is 1691 composite?
True
Is 1919807 prime?
False
Is 33527 composite?
True
Is 1559 a composite number?
False
Is 663827 a prime number?
True
Is 984667 prime?
True
Is 1961 prime?
False
Is 149693 a composite number?
True
Is 4331 prime?
False
Is 27502 a prime number?
False
Is 10198 prime?
False
Is 13537 composite?
False
Is 164987 prime?
True
Is 7069 prime?
True
Is 1171979 prime?
True
Is 482943 prime?
False
Is 59743 a composite number?
False
Is 889 a composite number?
T